101
Suppose 4*p = 6*d - d - 106, 3*p + 3*d + 66 = 0. Let w = p - -41. List the prime factors of w.
17
Let s(t) = -7*t - 20. List the prime factors of s(-7).
29
Let l = -84 + 132. Let w = l - 33. What are the prime factors of w?
3, 5
Let l(i) = -2*i - i**3 + 10*i + 0*i**2 + 4 + 6*i**2. Suppose 5*z - 3 = 32. List the prime factors of l(z).
11
Let k(l) = l**3 + 7*l**2 - 7*l + 14. List the prime factors of k(-7).
3, 7
What are the prime factors of 2*141/3 + (1 - 3)?
2, 23
Suppose 304 = 5*y - 171. What are the prime factors of y?
5, 19
Suppose 6 + 1 = -i. Let c be (-6)/(-4) - i/14. Let b(m) = 2*m**2 - m - 2. List the prime factors of b(c).
2
Let m(c) = -2*c**2 + 18*c - 6. What are the prime factors of m(6)?
2, 3, 5
Suppose 2*p = p + 3. What are the prime factors of 4/2 - (-4 + p)?
3
Suppose -15 = -j + 3*p - 3, -2*p = 8. Suppose j = -4*o + 105 - 9. What are the prime factors of o?
2, 3
Suppose 54 = 2*a + 4*a. List the prime factors of a.
3
Suppose -2*i + 46 = -5*i - k, -2*k - 64 = 4*i. Let l = i - -20. Suppose -b = -l*b + 75. List the prime factors of b.
3, 5
Suppose 0 = -0*z - 2*z + 44. What are the prime factors of z?
2, 11
Suppose 3*d - 74 = 34. List the prime factors of d.
2, 3
Suppose 5*p + 6 = 31. Suppose -4*c = -37 + p. What are the prime factors of 2 + 0 + c - 1?
3
Let y be ((-54)/(-1))/3 - 2. Let f = y - 0. What are the prime factors of f?
2
Let s = -146 - -380. List the prime factors of s.
2, 3, 13
Let a(i) be the third derivative of i**6/120 - i**5/60 - i**4/24 + 2*i**3/3 + 4*i**2. What are the prime factors of a(0)?
2
Let b = 81 + -139. List the prime factors of 13/65 + b/(-10).
2, 3
Let f(l) be the first derivative of 2*l**3/3 - l**2 - 2*l - 2. Let d = -7 + 10. List the prime factors of f(d).
2, 5
Suppose -j = -2, -2*c + c = -2*j + 10. Let p(k) = k**3 + 5*k**2 - 6*k + 6. Let u be p(c). Suppose -u = -4*a + 10. What are the prime factors of a?
2
Suppose 231 - 71 = 5*u. Let t = 10 + u. What are the prime factors of t?
2, 3, 7
Suppose 3*j - 12 = 3*l, 6 = 3*j + l + 2. Suppose -m + 5 = j*w, 3*m + 2 = 5*w - 5. Suppose m = -c + 7. List the prime factors of c.
2, 3
Suppose -4*r - 65 = -9*r. Let n = 29 - r. List the prime factors of n.
2
Suppose 0 = -4*w + 5*b + 1026 - 150, 2*w - 2*b = 438. What are the prime factors of w?
3, 73
Let v = 3 - -2. Let y(k) = k**3 + 3*k**2 - 5*k + 2. Let o(q) = q**3 + 6*q**2 - 9*q + 4. Let n(b) = v*y(b) - 3*o(b). What are the prime factors of n(2)?
2, 3
Let f(g) = -g**3 - 5*g**2 - 6*g. Let s be f(-4). Let a be (-5 + -1)/((-6)/s). Suppose 4*x + a - 24 = 0. List the prime factors of x.
2
Let g = 241 + -182. What are the prime factors of g?
59
Let i = -1 - -9. Suppose -4*b = i, n - 11 = -0*n + b. What are the prime factors of n?
3
Let a(z) be the third derivative of 7/6*z**3 + 1/12*z**4 + z**2 + 0*z + 0. List the prime factors of a(5).
17
Let c(k) be the third derivative of -k**4/24 - k**3/2 - k**2. What are the prime factors of c(-8)?
5
Let d(p) = 4*p**3 + p**2. Let a be d(1). Suppose -2*k - c = -12, 3 = 2*c - 1. Suppose -k*l = -w - 10, 2*w - 5*w + 10 = a*l. What are the prime factors of l?
2
Let i be (1/(-3))/(4/(-36)). Suppose -3*f + i*y = -30, y + 0*y = 5*f - 34. Let w = f + 8. List the prime factors of w.
2, 7
Suppose -12 = -5*h - 2. Suppose -20 = -3*v - h*v. List the prime factors of v.
2
Let z = -1 - -1. Let h be 4/8*(z + 4). Suppose -h*m + 1 = -3. List the prime factors of m.
2
Suppose 3*t + 6 = 0, 5*v = -t + 3*t + 174. List the prime factors of v.
2, 17
Let d(v) = v**2 - 3*v - 15. Let u(b) = b**3 + 7*b**2 - 2*b - 7. Let c be u(-7). List the prime factors of d(c).
13
Let f(z) = 22*z - 27. List the prime factors of f(8).
149
Let v = -9 + 12. Suppose -v*i = -0*g - g + 27, 5*i = -g - 53. List the prime factors of (-205)/i + (-3)/2.
19
Let r(o) = 2*o**2 + 11*o - 5. List the prime factors of r(-8).
5, 7
List the prime factors of 36/10 - (-12)/30.
2
Suppose -13*w + 17*w = 136. What are the prime factors of w?
2, 17
Let g(x) be the third derivative of -5*x**4/24 + x**3/3 - 2*x**2. List the prime factors of g(-2).
2, 3
Let t(l) = -l**3 + 2*l**2 + 6*l - 3. Let h be t(4). Let q = h - -47. Let i = -22 + q. List the prime factors of i.
2, 7
Let h(c) = -c**3 + 7*c**2 + 9*c - 7. Let z be h(8). Suppose 0 = 2*u - 17 - z. List the prime factors of u.
3
Let a = 25 - 23. Suppose -5*c - a*q = 3*q - 15, c = 2*q. What are the prime factors of c?
2
Let k(r) = 3*r**2 - 7*r - 2. Let p be k(5). Let v = p + -4. List the prime factors of v.
2, 17
Suppose -7 + 1 = -c. Let r = 11 - c. What are the prime factors of r?
5
Suppose f = -5 + 3. Let l be (10/(-6))/((-1)/(-3)). Let k = f - l. List the prime factors of k.
3
Suppose 760 = p + 4*p + 3*v, 0 = p + 5*v - 174. List the prime factors of p.
149
Suppose 2*f + 27 - 213 = 0. List the prime factors of f.
3, 31
Let u be 3 - (-4*1 + 2). Let s = 0 - 4. Let d = u - s. List the prime factors of d.
3
Let q = -8 + 5. Let p(o) = 2*o**3 - 5*o**2 - 3*o - 3. Let l(n) = 3*n**3 - 10*n**2 - 6*n - 5. Let t(v) = q*l(v) + 5*p(v). What are the prime factors of t(-3)?
3
Let c = -1 + 1. What are the prime factors of (-1 - 0) + 19 + c?
2, 3
Let p = 8 + -3. Suppose -2*j + p*i = -18 + 3, -5*j + 2*i = -69. What are the prime factors of j?
3, 5
Let v = 182 + -113. List the prime factors of v.
3, 23
List the prime factors of (-2847)/(-91) + 4/(-14).
31
Suppose 6*j = 3*j + 69. Suppose 2*d + 3*c = j, -4*d + 2*c = 6*c - 52. What are the prime factors of d?
2
Suppose 4 = -v, -5*z + 3*v + 232 = -0*v. What are the prime factors of z?
2, 11
Let w(t) = t**3 - 5*t**2 - 6*t + 4. Let z be w(6). Suppose -3*x + 4 = -2*a + x, z*x = -4*a + 16. Let m = 1 + a. What are the prime factors of m?
3
Suppose 5*h - 30 = 45. Let d = 21 + h. What are the prime factors of d?
2, 3
Let v(j) = j**3 + 6*j**2 - 2*j + 1. Let d(o) = -o**2 + 6*o - 6. Let q be d(6). Let i be v(q). Suppose -2*m + 41 = i. What are the prime factors of m?
2, 7
Let u(o) = 5*o - 1. Suppose -t = -3*t + 14. List the prime factors of u(t).
2, 17
Let k(c) = -2*c**2 - 2*c + 1. Let p be k(-4). Let d = 1 - 16. Let j = d - p. List the prime factors of j.
2
Let y = 3 + -11. Let a be 2/y + 63/12. Let g = a - 1. List the prime factors of g.
2
Suppose -3*y + 14 = -3*s + 2, -2*s - 3*y + 17 = 0. Let l be ((-2)/5)/(s/5). Let v = 5 - l. What are the prime factors of v?
7
Let b = 109 + -68. List the prime factors of b.
41
Let c = 90 - 82. What are the prime factors of c?
2
Suppose -2*f + 12 - 4 = 0. Suppose 2*j - j - f = 0. Suppose 0 = j*k - 92 + 24. What are the prime factors of k?
17
Suppose -51 = o - 7. Let x = -16 - o. Let s = -14 + x. List the prime factors of s.
2, 7
Let d(n) = 3*n - 3. Let a(t) = 3*t**3 + t**2 - 2*t + 1. Let w be a(1). What are the prime factors of d(w)?
2, 3
Let t(q) = -2*q - 4. Let s be t(-5). Let i = -4 + s. Suppose -5*f + 27 - i = 0. List the prime factors of f.
5
Suppose -a - 199 - 227 = -5*f, -3*f = -2*a - 250. List the prime factors of f.
2, 43
Let v be 1/(-5) - 296/20. Let j be (-8)/10*v/6. Suppose 0 = -h - j + 8. What are the prime factors of h?
2, 3
Let y(z) = 5*z - 2. Let q be y(4). Suppose -o = o - q. What are the prime factors of o?
3
Suppose 3*t = 7*t - 44. Let g = t + -4. Suppose -70 = 2*k - g*k. What are the prime factors of k?
2, 7
Suppose -5 = 3*y + 7. Let i(h) = h - 2*h + 2*h - 3*h - 5. What are the prime factors of i(y)?
3
Let y = -27 + 29. Suppose -y*z - 8 = 0, w - 28 = -5*z + 4. What are the prime factors of w?
2, 13
Suppose 2*n + n = -2*s + 12, -8 = -4*s + 2*n. Suppose 16 = 2*l - m, 0*m = -s*l + 2*m + 22. List the prime factors of l.
2, 5
Let n = -155 - -212. What are the prime factors of n?
3, 19
Suppose 0 = 4*c - 2*c - 4. Suppose -c*w + 4*w = 4. Suppose 4 - 26 = -w*g. List the prime factors of g.
11
What are the prime factors of (-2)/((-218)/(-74) + -3)?
37
Suppose 4*s + s - 70 = 0. Let n = s + -5. What are the prime factors of n?
3
Suppose -3*j = -15, 5*b + 4*j - 55 = -j. Suppose o = b*o - 75. What are the prime factors of o?
3, 5
Let c be -2*(1 - 0) + 5. Suppose 2*h + 14 = c*h. What are the prime factors of h?
2, 7
Let d = 75 - -26. List the prime factors of d.
101
Suppose -8*b = -4*b - o - 173, 0 = o + 1. What are the prime factors of b?
43
Let s = 10 + -6. Let a be (3/s)/(3/72). What are the prime factors of (-4)/a + (-332)/(-36)?
3
Let 